c + 3, 0 = 4*r - 2*c + 46. Let o be q(r). What is the greatest common divisor of o and 15?
15
Let k be ((-1)/(-1))/(4/264). Let r be (2/(-3))/(-4 - (-260)/k). What is the highest common divisor of 110 and r?
11
Let w(o) = 5*o**2 - o. Let a be w(1). Let f = -1 + a. Suppose h = -f*h + 16. Calculate the highest common divisor of 36 and h.
4
Let g = -1 + 5. Suppose -g*m + 63 = -1. Let x(u) = -8*u + 144. Let k be x(16). Calculate the highest common factor of m and k.
16
Suppose b - 4*b = 0, -2*s - 4*b + 230 = 0. What is the highest common divisor of 46 and s?
23
Let a = 15 + -15. Suppose a*c + 14 = c. Let n(x) = 45*x + 8. Let f be n(2). Calculate the greatest common factor of f and c.
14
Let a be 108*((-6)/24)/(1/(-2)). Suppose 2*b - 19 = 17. What is the highest common divisor of b and a?
18
Let l be (0/4 + 2)/((-15)/(-75)). Calculate the highest common divisor of 550 and l.
10
Suppose -53*p - 8 = -57*p. Let l = -11 + 17. What is the highest common divisor of p and l?
2
Suppose 71*d = 218 + 137. What is the greatest common divisor of d and 1055?
5
Suppose -2*g - 5*t = 36 - 105, -3 = -t. Suppose g + 48 = 5*x. Calculate the greatest common divisor of 3 and x.
3
Let b be (19/(-3) - -3)*6. Let u be 5/b + (-17)/(-4). Suppose v + 4*n - 41 = 0, -u*v + 75 = -5*n - 110. What is the greatest common divisor of 5 and v?
5
Let r(o) = o**3 + 10*o**2 - 31*o - 2. Let i be r(-12). Calculate the highest common factor of i and 2050.
82
Let m = 128 - 111. Calculate the highest common factor of m and 425.
17
Suppose 6*s - 3*y = s + 65, 0 = s + 5*y + 15. Let z be (-220)/6*(-33)/(-44)*-4. What is the greatest common divisor of z and s?
10
Let t = 11 - 9. Suppose -115 = -t*h + 47. Calculate the highest common factor of h and 9.
9
Let o = -19 - -11. Let j(z) = z. Let i be j(o). Let g = i + 13. What is the greatest common factor of 25 and g?
5
Suppose 2*b - 2*o = -92, 2*o - 30 - 14 = b. Let g = 102 + b. Calculate the greatest common factor of 81 and g.
27
Let b be (-24)/9*(-114)/8. Let y = b + -34. Let j be (-3 - 7)/(1/(-2)). Calculate the greatest common factor of j and y.
4
Let q be -3 + 0 + 10/2. Suppose -2*r + 3*r - q*m = -4, -2*r - m - 3 = 0. Let b be 2*(-20)/(-2) + r. Calculate the highest common factor of 6 and b.
6
Let o = 4 - -7. Suppose -4*x + 13 + o = 0. Calculate the highest common divisor of x and 30.
6
Let y(x) = -4*x + 23 + x + 9 - 8*x. Let b be y(-8). Calculate the highest common factor of b and 24.
24
Let z(t) = t**3 - 8*t + 10. Let b be z(4). Suppose 5*n - 92 = -b. Calculate the highest common divisor of 15 and n.
5
Let o(v) = 118*v - 562. Let t be o(5). What is the highest common factor of t and 700?
28
Let u(w) = -9*w - 6. Suppose 2*d = -3*r - 18, -5*r - 3*d = 17 + 12. Let s be u(r). Let z = s + -15. Calculate the highest common factor of z and 120.
15
Suppose -16*s + 24*s - 24 = 0. Suppose 3 = s*o, 2*o = 5*k - 187 - 291. Let u(n) = n**2 + 3. Let t be u(3). What is the greatest common factor of k and t?
12
Let l = 809 + -220. What is the greatest common divisor of 19 and l?
19
Suppose -2*y + y = -2. Suppose 74 = y*k + 26. What is the highest common divisor of 60 and k?
12
Let i(h) be the first derivative of 11*h**3/3 - h**2/2 + 2*h - 15. Let c be i(1). What is the highest common divisor of 48 and c?
12
Let a = 60 - 60. Suppose 0 = 2*r - 5*d + 2*d - 17, -r + 3*d + 16 = a. What is the highest common divisor of 16 and r?
1
Let x be -2*(3*93/(-6) - 4). Suppose 2*t + 25 = x. Calculate the greatest common factor of t and 152.
38
Let x be (0/3)/((-1)/1). Suppose x = 3*z - 10 + 1. Suppose -7*v + z*v = -96. What is the greatest common divisor of 60 and v?
12
Suppose -5*f - 4*s - 156 = 0, -5*f - 39 = -4*s + 85. Let u = 7 - f. Let l = 28 + -21. Calculate the highest common divisor of u and l.
7
Suppose -3 = -5*l + 7. Suppose 3*x = -l*x. Suppose 2*v - 35 + 7 = x. Calculate the greatest common factor of v and 42.
14
Let p be (-36)/20*(-5 - 0). Suppose -3*o - 6 + 33 = 0. Calculate the highest common factor of p and o.
9
Suppose -5*c + 2 + 218 = 0. Let q be (0 - 1)/(-2*2/c). Let k(u) = u + 4. Let d be k(7). Calculate the greatest common factor of q and d.
11
Let l be (-10)/45 + (-662)/18 - -1. Let z = 91 + l. What is the greatest common divisor of 110 and z?
55
Suppose -333*x - 936 = -336*x. What is the greatest common factor of x and 728?
104
Suppose -18*a = -24*a + 3366. Calculate the greatest common divisor of 33 and a.
33
Let z be ((-12)/8 - -6)*2. Calculate the highest common factor of z and 441.
9
Suppose 2*a - 612 + 198 = 4*r, -r = a - 210. Calculate the highest common divisor of 38 and a.
19
Let h = 274 + -176. Let a be ((-30)/90)/((-1)/42). Calculate the highest common divisor of h and a.
14
Let a be 9*(-5 - 200/(-6)). What is the highest common divisor of 51 and a?
51
Let i(j) = -j**2 + 20*j - 31. Let m be i(14). Let k = 67 - m. Calculate the highest common factor of k and 14.
14
Let t(b) = 4*b + 5. Let s be t(-2). Let m(w) = w**3 + 5*w**2 + 5*w + 4. Let u be m(s). Calculate the greatest common divisor of 77 and u.
7
Let r(x) = x + 13. Let m be 16/(-12) + (-34)/6. Let g be r(m). Let z be 5/(-3)*g/(-5). Calculate the highest common factor of z and 14.
2
Let n(i) = 5*i + 23. Let x be n(-4). Suppose -x*m - 4*o = 2*m - 102, -3*o = 6. Calculate the highest common divisor of m and 2.
2
Suppose 5*m - 2*x - 1701 = 0, -68*m + 2*x = -72*m + 1368. What is the greatest common factor of 55 and m?
11
Let l = -1572 + 1788. What is the greatest common divisor of 40 and l?
8
Let j = 44 - 42. Let c be 2 + 62/6 + j/(-6). Calculate the greatest common factor of 8 and c.
4
Suppose -5*z + w = -2047, -5*z - 3*w = w - 2062. Calculate the greatest common divisor of z and 123.
41
Suppose 11*n - 6*n - 46 = -l, 3*l - 3 = 0. Let z be (3 - 12/8)*12. What is the greatest common divisor of n and z?
9
Let g(o) be the second derivative of o**4/2 - o**3/2 - 2*o. Let i be (-48)/(-21) + (-4)/14. Let v be g(i). What is the greatest common divisor of v and 54?
18
Suppose -2*x + 84 = 2*x. Let w = -27 - -89. Let s = 43 + w. What is the highest common divisor of x and s?
21
Let z be (-1)/(6/(-631)) - (-8)/(-48). What is the highest common divisor of z and 210?
105
Suppose 0 = 4*r - 11 - 133. Let j = r - 8. What is the highest common factor of 4 and j?
4
Suppose 5*o = 5*x - 925, -2*x + 0*x + 3*o = -372. What is the highest common divisor of 3 and x?
3
Suppose -10*d + 33 + 17 = 0. Suppose -3*k - 2*b = -19, 0*b = k - d*b + 22. Calculate the highest common divisor of 27 and k.
3
Suppose 3*n - 5*n = -4. Suppose 3*d + n*w - 14 = -0*w, d + 3*w - 14 = 0. Suppose -2 = a - d*a. What is the greatest common divisor of 10 and a?
2
Let q be 0 - (-2)/3*6. Suppose -7*z + q*z = -594. Let d be ((-4)/(-5))/(2/45). What is the highest common divisor of d and z?
18
Let d = -142 + 208. Let s be (-1)/((-3)/18) + -24 + 24. What is the highest common factor of s and d?
6
Let m(h) = h**2 + 2*h + 2. Let p be m(6). Suppose 4*c - 136 - 8 = 0. Suppose 0 = 5*v - c - 14. What is the greatest common factor of p and v?
10
Let s be (2 - 1)/((-1)/(-3)). Suppose -y - 2 = -s*o, -3 = -o - o - y. What is the greatest common factor of 1 and o?
1
Suppose -2*k = 5*x - 153, 0 = 4*k - 0*k - 2*x - 318. What is the greatest common divisor of k and 316?
79
Let l be (-24)/((-4)/(-1 + 9)). What is the highest common divisor of 16 and l?
16
Suppose -141 = -24*l + 171. What is the greatest common divisor of l and 13?
13
Suppose -3*w = 23 - 113. Suppose 90 + w = 6*u. Calculate the greatest common divisor of 30 and u.
10
Suppose -z + 92 = 3*q, 0 = 3*q - 19 + 7. Calculate the greatest common divisor of 300 and z.
20
Suppose -z - 5*p = -195, -2*z - p = -7*z + 1053. Let r be 27 + (-3 - (-7 - -1)). What is the highest common divisor of z and r?
30
Suppose 5*v + 485 + 1263 = 4*j, -5*v + 2140 = 5*j. Calculate the greatest common factor of j and 324.
108
Let w(y) = y**2 - 13*y + 27. Let a be w(11). Suppose 27 + 53 = a*j. What is the greatest common divisor of j and 48?
16
Let x(b) = -10*b + 77. Let o be x(-30). What is the greatest common divisor of o and 13?
13
Let u = 249 + -99. Calculate the greatest common divisor of 20 and u.
10
Let m be (3 + -2)*6/2. Suppose 0 = w + 3*a, -2*a - 2 = w + m*a. Let o be (2 - -2) + (w - 1). Calculate the greatest common 